of h?
2, 23
Suppose -4*d - 15 = -9*d. Suppose k - d = -1. Suppose k*q - 39 = 11. List the prime factors of q.
5
Suppose 2*n = -241 + 77. Let u = n - -115. List the prime factors of u.
3, 11
Let z = 2160 - 1171. List the prime factors of z.
23, 43
Let o = -10 - -30. Suppose -o = 19*j - 23*j. What are the prime factors of j?
5
Let d = 8710 + -4699. What are the prime factors of d?
3, 7, 191
Let f be ((-1)/(-2))/(7/196). Let c = f - 5. Let b = c - 5. List the prime factors of b.
2
List the prime factors of -1206*(-5)/(-2)*12/(-60).
3, 67
Suppose d + 903 = 4*d. Suppose -n + d - 51 = 5*s, 5*s + 2*n = 255. What are the prime factors of s?
7
Let j be 1362/(-14) + (-28)/(-98). Suppose -27 - 291 = -2*b. Let v = b + j. List the prime factors of v.
2, 31
Let l(y) = y**2 + 3*y + 2. Let k be l(0). Suppose k*r = -5*f + 157, -3*f - 5*r = -2*f - 13. What are the prime factors of f?
3, 11
Let o = 968 + 1867. What are the prime factors of o?
3, 5, 7
Suppose -c - 14 = -4*c + 5*r, c = -r + 2. Let q(u) = -4*u**2 - 3*u - 5. Let f be q(c). Let a = f - -78. List the prime factors of a.
2, 7
Let r be (5 - 3)*(-5)/(-2). Suppose r*w - 18 = 2*w. Suppose i = 4, 2*y + 60 = w*y - 3*i. What are the prime factors of y?
2, 3
Let t(y) = -25*y**3 + y**2 + 2*y + 2. Let p be t(-1). List the prime factors of -8 + 4 + 0 + p.
2, 11
Let p(y) = -56*y + 289. What are the prime factors of p(-19)?
3, 11, 41
Let v = 76 - -94. List the prime factors of v.
2, 5, 17
Let v(t) = 8*t**2 + 12*t + 51. List the prime factors of v(-9).
3, 197
Suppose 2*m + 10 = 7*m. Suppose 4 = -f + m*f. Suppose -f*r + 3 = -89. What are the prime factors of r?
23
Let j(q) = 93*q - 151. What are the prime factors of j(16)?
7, 191
Let s = 8 + -11. Let q = s + 24. What are the prime factors of q?
3, 7
Suppose -b + 142 = 13. Suppose -h + b = -155. What are the prime factors of h?
2, 71
Let d be 3/15 - (-4002)/15. Let r = d + -160. What are the prime factors of r?
107
Let o(h) = h**2 - 6*h + 41. What are the prime factors of o(10)?
3
Suppose 0 = g + 33 + 6. Let d = g - -102. What are the prime factors of d?
3, 7
Let n(b) = 23*b - 11*b - 6*b - 2 - 1. Suppose 0 = 2*p - 5*p + 15. What are the prime factors of n(p)?
3
Let d(o) = -32*o + 1. Suppose 10 - 2 = -4*n. What are the prime factors of d(n)?
5, 13
Let t(p) = -p**3 + 16*p**2 - 16*p + 10. What are the prime factors of t(7)?
3, 113
Suppose -82*f + 40*f + 62412 = 0. What are the prime factors of f?
2, 743
Let m be (-5 + -2)*(-8)/1. Suppose -2*i + m = -2. What are the prime factors of i?
29
Suppose -3 + 9 = 2*q + 2*h, 2*q - 14 = 2*h. Suppose -s + 159 = q*y - 51, 2*s + 31 = y. Let z = -17 + y. What are the prime factors of z?
2, 3
List the prime factors of 12963/(-116)*112/(-3).
2, 7, 149
Let f be (6 + (-6 - -3))*1. Suppose -3*t - 4 = -3*m - t, f*m - 1 = 5*t. List the prime factors of (0 - (m - 0)) + 10.
2
What are the prime factors of 2/(-3)*20/((-40)/5637)?
1879
Suppose -22 = 2*a + 10. Let b = -1 - a. Suppose 14*z - b = 9*z. What are the prime factors of z?
3
List the prime factors of (-3 + 1 - 46)*1764/(-48).
2, 3, 7
Let f(j) = -140*j + 97. What are the prime factors of f(-5)?
797
Suppose -10 = -2*q - 0*q. Let i = -56 - -100. Suppose 0 = j - q*x - 22, -5*x + 2*x - i = -5*j. List the prime factors of j.
7
Let m(y) = -y**2 + 5*y - 6. Let o be m(2). Suppose i - 43 = -4*j - 18, -2*i - 4*j + 46 = o. List the prime factors of i.
3, 7
Let g = 19537 + -56953. What are the prime factors of 4/14 + g/(-168)?
223
Suppose 0*p + 2*p - 4 = 0. Suppose -3*x + 31 = -r - 81, -p*r - 107 = -3*x. List the prime factors of x.
3, 13
Suppose 419 = 2*t - 37. Suppose -p - 2*x = -88, -3*p + 0*x = -3*x - t. List the prime factors of p.
2, 5
Suppose -5*p = 2*k - 106, -3*k + 5*p - 235 = -8*k. List the prime factors of k.
43
Suppose 5*a = u + 19, 2*u - 2*a - 10 = 6*u. List the prime factors of (-2)/u - 420/(-8).
53
Let s be (-7)/(-2) - (-1)/(-2). Suppose -173 = -s*x + 5*y, -3*x - y + 193 = 4*y. What are the prime factors of x?
61
Suppose 2*s + 26 = 2*i, -s + 0*s + 23 = 3*i. Suppose -5*h = -1 - i. Suppose -h*q = -12 - 26. What are the prime factors of q?
19
Let o(d) = -82*d**2 + d - 2. Let s = 11 + -10. Let k be o(s). Let u = -58 - k. List the prime factors of u.
5
Let s be ((-24)/(-15))/1*-5. Let b be ((-18)/s)/((-6)/(-16)). Suppose 2*w = 5*q + 103, -146 = -4*w - b*q + 4*q. What are the prime factors of w?
3, 13
Suppose -3*c + 33 = -5*p - 20, 2*p = c - 19. Suppose -208 = -c*g + 9*g. What are the prime factors of g?
2, 13
Let l = 5 - 7. What are the prime factors of -284*3/l*(-1)/(-3)?
2, 71
Let o(y) = -y**3 + 9*y**2 + 3. Let u be o(9). Suppose 0 = -u*d + 10*d - 364. List the prime factors of d.
2, 13
List the prime factors of -2 - -1 - 1621/(-1).
2, 3, 5
Let w(t) = -3*t + 6. Let d be w(-5). Let h be (6/(-4))/(d/(-98)). Let s(l) = 4*l - 2. What are the prime factors of s(h)?
2, 13
Suppose 53*c = 49*c + 1704. List the prime factors of c.
2, 3, 71
Let a = 48 - -42. Let x be 6/(1 + 1 + 0). Suppose -q + 3*u + 14 = 0, 3*q = -0*q - x*u + a. List the prime factors of q.
2, 13
Suppose -87*y + 117385 = -2*y. What are the prime factors of y?
1381
List the prime factors of (0 + 112)*(1 - (-10 + 5)).
2, 3, 7
Let u(h) = -h**3 + 10*h**2 - 8*h + 15. Let s be u(9). Let x = 144 - s. List the prime factors of x.
2, 3, 5
Suppose -476 = 16*d - 5260. What are the prime factors of d?
13, 23
Let g(n) = -n**3 + 8*n**2 + 3*n - 6. Let w be g(6). Suppose -3*c + w = -0*c. What are the prime factors of c/3*108/21?
2, 3
Let h(f) = 2*f**2 - 7*f - 11. Let x be h(7). What are the prime factors of x/2*1/1?
19
Let j be (-1)/((27/(-30) - -1)*-2). What are the prime factors of (-537)/(-12)*j + (-3)/4?
223
Suppose 10 = 2*g + 5*i, 0 = -4*g + 2*g + i + 10. Suppose g*p - 56 = 3*p. List the prime factors of p.
2, 7
Suppose -5 = -4*t - 21, 2*h + t - 4 = 0. Suppose -2*f + 549 + 6 = 5*o, -h*o + 2*f = -462. Suppose 4*b - 437 = -o. What are the prime factors of b?
3
Suppose -t + 4*p = -6*t - 25, -5*p - 25 = 0. What are the prime factors of 74/(1 + (0 - t))?
37
Let n be (1*431/(-4))/(4/(-16)). Suppose 16 = -3*h + 4, 0 = -5*b - h + n. What are the prime factors of b?
3, 29
Let s(t) = 36 + 27 - 16*t - 21 - 8*t + t**2. List the prime factors of s(24).
2, 3, 7
Let d = -1080 - -1848. List the prime factors of d.
2, 3
Let a(o) = -o**2 + 2*o + 4. Let d be a(6). List the prime factors of (-4)/1*(-6 + d).
2, 13
Let v(o) = -347*o**3 - 2*o**2 - 2*o - 1. Let s be v(-1). Let m = s - 182. What are the prime factors of m?
2, 41
Let h = 396 - 119. Suppose -3*i = -5*t + h, -t - t + 2*i + 114 = 0. List the prime factors of t.
53
Suppose -4*g = -0*g - 20. Suppose 0 = -t + g*t + 4. Let o = t + 40. List the prime factors of o.
3, 13
Suppose -2*m - 5*b = -29, m + 3*m - 3*b + 7 = 0. Suppose -55 = m*j - 25. List the prime factors of ((-154)/(-10))/((-3)/j).
7, 11
Let m(a) = -2*a**2 + 9*a + 6. Let s(y) = -y**2 + 8*y + 6. Let p(z) = -2*m(z) + 3*s(z). What are the prime factors of p(-7)?
13
Suppose -u - 3*t = -0*u - 69, -u - 4*t + 74 = 0. Suppose -u - 6 = -5*l. Suppose 2*r - l = r. What are the prime factors of r?
2, 3
Let y(v) = -3*v - 14. Suppose -m + 26 = -5*r, -5*r + 4*m = -0*r + 14. Let d be y(r). List the prime factors of d/(-14) - 100/(-7).
2, 7
List the prime factors of 3727/11 + 1 - 52/(-286).
2, 5, 17
Let h(v) = -1951*v + v**2 + 1956*v + 5 + 326*v**2. List the prime factors of h(-1).
3, 109
Let i be 4/(-4*(-4)/168). Suppose k = -h + 48, -h + i = -4*k - k. List the prime factors of h.
47
Let c be (4 - 1)/((-9)/(-6)). Suppose 60 = -2*j - c*j. Let d = j - -17. What are the prime factors of d?
2
Let n = -777 + 804. List the prime factors of n.
3
Suppose -2*j + 3*m + 7 = -28, 5*m + 33 = 2*j. List the prime factors of j.
19
Suppose k - 232 = -2*d, d + 479 = -5*k + 7*k. List the prime factors of k.
2, 7, 17
Let n be 2*5/(20/6). Suppose -g - 254 = -5*t, g + 0*g = -n*t + 146. What are the prime factors of t?
2, 5
Let j be ((-18)/(-24))/(2/(-8)). What are the prime factors of 28/(16/4 + j)?
2, 7
Suppose -g + 27 = 2*i, -5*g = i - 0 - 9. What are the prime factors of 1312/i - 12/(-42)?
2, 47
Let j be 5 + (5 + -1 - 0). Let q(b) = 33*b + 10. List the prime factors of q(j).
307
Suppose -12 + 5 = 7*b. What are the prime factors of (3 + 1/b)*(-71)/(-2)?
71
Let k be 0 + 1 + -111 +